{"id":24,"date":"2019-03-25T11:03:57","date_gmt":"2019-03-25T11:03:57","guid":{"rendered":"http:\/\/www.pervival.polimi.it\/?page_id=24"},"modified":"2020-06-11T10:04:04","modified_gmt":"2020-06-11T08:04:04","slug":"descrizione-del-progetto","status":"publish","type":"page","link":"https:\/\/www.pervival.polimi.it\/?page_id=24","title":{"rendered":"Descrizione del progetto PERVIVAL"},"content":{"rendered":"\n<p>PERVIVAL  \u00e8 un progetto multidisciplinare sviluppato dai gruppi di ricerca di Computer Vision &amp; Reverse Engineering e Virtual Reality del Politecnico, finanziato attraverso un contributo di Fondazione CARIPLO.<br>Il progetto mira a sviluppare un sistema digitale interattivo con la funzione di spiegare una colezione museale complessa in modo semplice e immediato. <br>I contenuti dell\u2019applicazione digitale si basano sulla riproduzione digitale 3D fedele degli artefatti artistici, ottenuta tramite rilievo laser scanner o fotogrammetria SFM\/IM.<br>Le repliche digitali degli oggetti consentono di all\u2019utente di esplorare il singolo oggetto da diversi punti di vista e di accedere ad informazioni di dettaglio puntuali che arricchiscono il livello di conoscenza e comprensione.<br>Inoltre, l\u2019esposizione digitale consente di esplorare una collezione, composta da beni fisicamente esposti o conservati presso diverse sedi museali o depositi non accessibili al pubblico, attraverso appropriati percorsi narrativi che evidenzino le diverse connessioni \u2013 non sempre immediatamente deducibili dagli oggetti esposti- tra vari elementi, dal punto di vista storico, geografico, rituale, materico, etc.<br>L\u2019applicazione digitale del progetto verr\u00e0 sviluppata in collaborazione con il Civico Museo Archeologico di Milano, per la sezione Egizia del Castello Sforzesco attualmente in fase di riallestimento.<br>Il sistema interattivo digitale proposto, tramite opportuni percorsi narrativi accompagner\u00e0 il visitatore alla scoperta \u00a0del rituale funebre dell\u2019antico Egitto, caratterizzato da una molteplicit\u00e0 di oggetti e rituali spesso di difficile comprensione per il pubblico.<br>La connessione tra i diversi oggetti consentir\u00e0 una pi\u00f9 ampia comprensione degli elementi della collezione che saranno pi\u00f9 facilmente percepiti come un insieme armonioso di elementi complementari tra loro e rappresentativi uno specifico contesto storico-culturale.<\/p>\n","protected":false},"excerpt":{"rendered":"<p>PERVIVAL \u00e8 un progetto multidisciplinare sviluppato dai gruppi di ricerca di Computer Vision &amp; Reverse Engineering e Virtual Reality del Politecnico, finanziato attraverso un contributo di Fondazione CARIPLO.Il progetto mira a sviluppare un sistema digitale interattivo con la funzione di spiegare una colezione museale complessa in modo semplice e immediato. I contenuti dell\u2019applicazione digitale si&hellip; <a href=\"https:\/\/www.pervival.polimi.it\/?page_id=24\" class=\"more-link\">Continue reading <span class=\"screen-reader-text\">Descrizione del progetto PERVIVAL<\/span><\/a><\/p>\n","protected":false},"author":2,"featured_media":0,"parent":0,"menu_order":0,"comment_status":"closed","ping_status":"closed","template":"","meta":{"footnotes":""},"class_list":["post-24","page","type-page","status-publish","hentry","without-featured-image"],"_links":{"self":[{"href":"https:\/\/www.pervival.polimi.it\/index.php?rest_route=\/wp\/v2\/pages\/24","targetHints":{"allow":["GET"]}}],"collection":[{"href":"https:\/\/www.pervival.polimi.it\/index.php?rest_route=\/wp\/v2\/pages"}],"about":[{"href":"https:\/\/www.pervival.polimi.it\/index.php?rest_route=\/wp\/v2\/types\/page"}],"author":[{"embeddable":true,"href":"https:\/\/www.pervival.polimi.it\/index.php?rest_route=\/wp\/v2\/users\/2"}],"replies":[{"embeddable":true,"href":"https:\/\/www.pervival.polimi.it\/index.php?rest_route=%2Fwp%2Fv2%2Fcomments&post=24"}],"version-history":[{"count":7,"href":"https:\/\/www.pervival.polimi.it\/index.php?rest_route=\/wp\/v2\/pages\/24\/revisions"}],"predecessor-version":[{"id":336,"href":"https:\/\/www.pervival.polimi.it\/index.php?rest_route=\/wp\/v2\/pages\/24\/revisions\/336"}],"wp:attachment":[{"href":"https:\/\/www.pervival.polimi.it\/index.php?rest_route=%2Fwp%2Fv2%2Fmedia&parent=24"}],"curies":[{"name":"wp","href":"https:\/\/api.w.org\/{rel}","templated":true}]}}